{"id":4810,"date":"2024-03-13T20:53:39","date_gmt":"2024-03-13T19:53:39","guid":{"rendered":"https:\/\/regunlagotto.net\/?page_id=4810"},"modified":"2025-04-21T19:40:34","modified_gmt":"2025-04-21T17:40:34","slug":"salute","status":"publish","type":"page","link":"https:\/\/regunlagotto.net\/?page_id=4810","title":{"rendered":"Salute, test genetici"},"content":{"rendered":"<p>9Articoli citati dal sito del Club Italiano Lagotto: da <a href=\"https:\/\/www.lagottoromagnolo.org\/?page_id=103\" target=\"_blank\" rel=\"noopener\"><strong>QUI<\/strong><\/a><\/p>\n<p style=\"text-align: center;\"><span style=\"font-size: 22px; color: #ff0000;\"><strong>Epilessia Giovanile Benigna del Lagotto Romagnolo (BFJE o semplicemente JE)<\/strong><\/span><\/p>\n<p>L\u2019epilessia benigna giovanile \u00e8 una malattia ereditaria neurologica del lagotto romagnolo che si manifesta nei cuccioli affetti a partire dalle 5\u00b0-9\u00b0 settimane di et\u00e0 e regredisce spontaneamente intorno alla 8\u00b0-13\u00b0 settimana. I cani affetti mostrano sintomi neurologici con atassia generalizzata e ipermetria. Dagli esami di laboratorio (elettromiografia, risonanza magnetica) non si rilevano anormalit\u00e0. Recentemente \u00e8 stato scoperto il gene che causa questa malattia attraverso un test genetico \u00e8 possibile distinguere i cani sani (JE FREE o NORMAL), dai portatori (CARRIER) e dagli affetti (AFFECTED).<\/p>\n<p><strong>NORMAL<\/strong> sono soggetti con 2 coppie normali di gene e <strong>non hanno alcun sintomo<\/strong><\/p>\n<p><strong>CARRIER<\/strong> sono soggetti con 1 gene normale e uno mutato ma<strong> non sviluppano la malattia<\/strong><\/p>\n<p><strong>AFFECTED<\/strong> sono soggetti con 2 geni mutati e presentano <strong>sintomi della malattia<\/strong><\/p>\n<p>\u00c8 raccomandato eseguire tali test, attraverso un semplice prelievo di sangue in EDTA, prima di pianificare accoppiamenti per evitare la nascita di soggetti affetti.<\/p>\n<p>Possibilit\u00e0 dei cuccioli nati da diverse combinazioni:<\/p>\n<table border=\"1\" cellspacing=\"0\" cellpadding=\"0\">\n<tbody>\n<tr>\n<td valign=\"top\" width=\"163\">&nbsp;<\/td>\n<td valign=\"top\" width=\"163\">NORMAL<\/td>\n<td valign=\"top\" width=\"163\">CARRIER<\/td>\n<td valign=\"top\" width=\"163\">AFFETTI<\/td>\n<\/tr>\n<tr>\n<td valign=\"top\" width=\"163\">NORMAL<\/td>\n<td valign=\"top\" width=\"163\">100% NORMAL<\/td>\n<td valign=\"top\" width=\"163\">50% NORMAL<br \/>\n50% CARRIER<\/td>\n<td valign=\"top\" width=\"163\">100% CARRIER<\/td>\n<\/tr>\n<tr>\n<td valign=\"top\" width=\"163\">CARRIER<\/td>\n<td valign=\"top\" width=\"163\">50% NORMAL<br \/>\n50% CARRIER<\/td>\n<td valign=\"top\" width=\"163\">25% NORMAL<br \/>\n50% CARRIER<br \/>\n25% AFFETTI<span style=\"line-height: 1.4em;\">&nbsp;<\/span><\/td>\n<td valign=\"top\" width=\"163\">50% CARRIER<br \/>\n50% AFFETTI<\/td>\n<\/tr>\n<tr>\n<td valign=\"top\" width=\"163\">AFFETTI<\/td>\n<td valign=\"top\" width=\"163\">100% CARRIER<\/td>\n<td valign=\"top\" width=\"163\">50% CARRIER<br \/>\n50% AFFETTI<span style=\"line-height: 1.4em;\">&nbsp;<\/span><\/td>\n<td valign=\"top\" width=\"163\">100% AFFETTI<\/td>\n<\/tr>\n<\/tbody>\n<\/table>\n<p>&#8220;Come fare il test&#8230;&#8221; clicca <strong><a href=\"http:\/\/www.lagottoromagnolo.org\/?page_id=113\">QUI<\/a><\/strong><\/p>\n<hr>\n<p style=\"text-align: center;\"><span style=\"font-size: 22px; color: #ff0000;\"><strong>Lysosomal Storage Disease (LSD)<\/strong><\/span><\/p>\n<p>E&#8217; stata individuata di recente la causa di una patologia neurodegenerativa da accumulo del Lagotto Romagnolo, si tratta di una mutazione genetica recessiva individuata grazie al lavoro dei ricercatori delle Universit\u00e0 di Helsinki (Finlandia) e Berna (Svizzera). In una prima fase sperimentale sono stati testati 1.300 cani e l&#8217;11% di questi sono risultati portatori di questa patologia.<\/p>\n<p>Si tratta di una patologia con conseguenze molto gravi per i cani affetti (omozigoti per il gene patologico) ed \u00e8 molto importante favorire lo studio della diffusione di questa malattia per individuare le migliori strategie di controllo. Tutti i proprietari di Lagotti sono invitati ad effettuare il test, specialmente per i soggeti utilizati in riproduzione.<\/p>\n<p>Attraverso al test genetico \u00e8 possibile distinguere i cani sani (FREE o NORMAL), dai portatori (CARRIER) e dagli affetti (AFFECTED).<\/p>\n<p><strong>NORMAL<\/strong> sono soggetti con 2 coppie normali di gene e <strong>non hanno alcun sintomo<\/strong><\/p>\n<p><strong>CARRIER<\/strong> sono soggetti con 1 gene normale e uno mutato ma <strong>non sviluppano la malattia<\/strong><\/p>\n<p><strong>AFFECTED<\/strong> sono soggetti con 2 geni mutati e presentano <strong>sintomi della malattia<\/strong><\/p>\n<p>\u00c8 raccomandato eseguire tali test, attraverso un semplice prelievo di sangue in EDTA, prima di pianificare accoppiamenti per evitare la nascita di soggetti affetti.<\/p>\n<p>Possibilit\u00e0 dei cuccioli nati da diverse combinazioni:<\/p>\n<table border=\"1\" cellspacing=\"0\" cellpadding=\"0\">\n<tbody>\n<tr>\n<td valign=\"top\" width=\"163\">&nbsp;<\/td>\n<td valign=\"top\" width=\"163\">NORMAL<\/td>\n<td valign=\"top\" width=\"163\">CARRIER<\/td>\n<td valign=\"top\" width=\"163\">AFFETTI<\/td>\n<\/tr>\n<tr>\n<td valign=\"top\" width=\"163\">NORMAL<\/td>\n<td valign=\"top\" width=\"163\">100% NORMAL<\/td>\n<td valign=\"top\" width=\"163\">50% NORMAL<br \/>\n50% CARRIER<\/td>\n<td valign=\"top\" width=\"163\">100% CARRIER<\/td>\n<\/tr>\n<tr>\n<td valign=\"top\" width=\"163\">CARRIER<\/td>\n<td valign=\"top\" width=\"163\">50% NORMAL<br \/>\n50% CARRIER<\/td>\n<td valign=\"top\" width=\"163\">25% NORMAL<br \/>\n50% CARRIER<br \/>\n25% AFFETTI<span style=\"line-height: 1.4em;\">&nbsp;<\/span><\/td>\n<td valign=\"top\" width=\"163\">50% CARRIER<br \/>\n50% AFFETTI<\/td>\n<\/tr>\n<tr>\n<td valign=\"top\" width=\"163\">AFFETTI<\/td>\n<td valign=\"top\" width=\"163\">100% CARRIER<\/td>\n<td valign=\"top\" width=\"163\">50% CARRIER<br \/>\n50% AFFETTI<span style=\"line-height: 1.4em;\">&nbsp;<\/span><\/td>\n<td valign=\"top\" width=\"163\">100% AFFETTI<\/td>\n<\/tr>\n<\/tbody>\n<\/table>\n<p>&#8220;Come fare il test&#8230;&#8221; clicca <strong><a href=\"http:\/\/www.lagottoromagnolo.org\/?page_id=113\">QUI<\/a><\/strong><\/p>\n<p>Video relativi ai casi di LSD:<\/p>\n<p><iframe loading=\"lazy\" src=\"https:\/\/www.youtube.com\/embed\/zf4-3E6-U7o\" width=\"450\" height=\"253\" frameborder=\"0\" data-mce-fragment=\"1\"><\/iframe><\/p>\n<p><iframe loading=\"lazy\" src=\"\/\/www.youtube.com\/embed\/SXEot4XBgKY\" width=\"450\" height=\"253\" frameborder=\"0\" data-mce-fragment=\"1\"><\/iframe><\/p>\n<hr>\n<p>I cani dell&#8217;allevamento Regun sono testati anche per il <span style=\"text-decoration: underline;\"><span style=\"color: #ff0000; text-decoration: underline;\"><strong>furnishing<\/strong><\/span>, che <span style=\"color: #ff0000; text-decoration: underline;\"><strong>non \u00e8 una malattia<\/strong><\/span><\/span>, ma \u00e8 possibile fare test anche per questo gene.<br \/>\nCitato dall&#8217;articolo di dr. Ferdinando Bassi, allevatore di lagotto romagnolo e veterinario, dal giornalino del Club Italiano Lagotto 02\/2022, pagina 19, <a href=\"https:\/\/drive.google.com\/file\/d\/1vpH1uxczLJATJN2XgvwM-Q4MBsbKFvyE\/view\" target=\"_blank\" rel=\"noopener\"><strong>QUI<\/strong><\/a>. L&#8217;articolo completo &#8220;Patologie genetiche del Lagotto Romagnolo di Ferdinando Bassi&#8221; inizia alla pagina 18.<\/p>\n<p style=\"text-align: center;\"><span style=\"color: #ff0000;\"><strong><span style=\"font-size: 18px;\"><span style=\"font-size: 22px;\">Furnishing (pelo riccio o liscio)<\/span> <\/span><\/strong><\/span><\/p>\n<p>Non si tratta di una patologia ma di una caratteristica morfologica che non pregiudica la salute del cane anche se lo pone fuori dallo standard di razza.<br \/>\nVediamo le possibili combinazioni genetiche:<\/p>\n<ul>\n<li><strong>F\/F<\/strong> omozigote Furnishing <strong>pelo riccio tipico<\/strong> del Lagotto Romagnolo<\/li>\n<li><strong>f\/f<\/strong> omozigote non Furnishing <strong>pelo ondulato e corto su muso e zampe (tipo spaniel)<\/strong>, in questo caso il cane non rientra nello standard di razza anche se \u00e8 figlio di due genitori apparentemente tipici.<\/li>\n<li><strong>F\/f<\/strong> eterozigote, si tratta di una dominanza incompleta quindi il gene Furnishing prevale ma non completamente, il <strong>pelo \u00e8<\/strong><br \/>\n<strong>lungo e arricciato su tutto il corpo anche se tende ad avere un riccio pi\u00f9 largo e una minore presenza di sottopelo<\/strong>.<\/li>\n<\/ul>\n<p>&#8212;&#8212;&#8212;&#8212;&#8211;<br \/>\nAlcune <strong>FOTO<\/strong> con lagotti NON Furnishing, genotipo f\/f.&nbsp;<br \/>\n<strong>Ultima foto<\/strong>: due cuccioli della stessa cucciolata, a sinistra con pelo normale, a destra con non-furnishing (genotipo f\/f)<\/p>\n<table class=\"aligncenter\" style=\"width: 900px;\" border=\"1\" cellpadding=\"0\">\n<tbody>\n<tr>\n<td style=\"width: 300px; text-align: center;\">ngg_shortcode_0_placeholder<\/td>\n<td style=\"width: 300px; text-align: center;\">ngg_shortcode_1_placeholder<\/td>\n<td style=\"width: 300px; text-align: center;\">ngg_shortcode_2_placeholder<\/td>\n<\/tr>\n<tr>\n<td style=\"width: 300px; text-align: center;\">ngg_shortcode_3_placeholder<\/td>\n<td style=\"width: 300px; text-align: center;\">ngg_shortcode_4_placeholder<\/td>\n<td style=\"width: 300px; text-align: center;\">ngg_shortcode_5_placeholder<\/td>\n<\/tr>\n<\/tbody>\n<\/table>\n","protected":false},"excerpt":{"rendered":"<p>9Articoli citati dal sito del Club Italiano Lagotto: da QUI Epilessia Giovanile Benigna del Lagotto Romagnolo (BFJE o semplicemente JE) L\u2019epilessia benigna giovanile \u00e8 una malattia ereditaria neurologica del lagotto romagnolo che si manifesta nei cuccioli affetti a partire dalle <span class=\"excerpt-dots\">&hellip;<\/span> <a class=\"more-link\" href=\"https:\/\/regunlagotto.net\/?page_id=4810\"><span class=\"more-msg\">Continua a leggere &rarr;<\/span><\/a><\/p>\n","protected":false},"author":2,"featured_media":0,"parent":0,"menu_order":9,"comment_status":"closed","ping_status":"closed","template":"","meta":{"ngg_post_thumbnail":0,"footnotes":""},"class_list":["post-4810","page","type-page","status-publish","hentry"],"yoast_head":"<!-- This site is optimized with the Yoast SEO plugin v27.4 - https:\/\/yoast.com\/product\/yoast-seo-wordpress\/ -->\n<title>Salute, test genetici - REGUN - Lagotto romagnolo<\/title>\n<meta name=\"robots\" content=\"index, follow, max-snippet:-1, max-image-preview:large, max-video-preview:-1\" \/>\n<link rel=\"canonical\" href=\"https:\/\/regunlagotto.net\/?page_id=4810\" \/>\n<meta property=\"og:locale\" content=\"it_IT\" \/>\n<meta property=\"og:type\" content=\"article\" \/>\n<meta property=\"og:title\" content=\"Salute, test genetici - REGUN - Lagotto romagnolo\" \/>\n<meta property=\"og:description\" content=\"9Articoli citati dal sito del Club Italiano Lagotto: da QUI Epilessia Giovanile Benigna del Lagotto Romagnolo (BFJE o semplicemente JE) L\u2019epilessia benigna giovanile \u00e8 una malattia ereditaria neurologica del lagotto romagnolo che si manifesta nei cuccioli affetti a partire dalle &hellip; Continua a leggere &rarr;\" \/>\n<meta property=\"og:url\" content=\"https:\/\/regunlagotto.net\/?page_id=4810\" \/>\n<meta property=\"og:site_name\" content=\"REGUN - Lagotto romagnolo\" \/>\n<meta property=\"article:publisher\" content=\"https:\/\/www.facebook.com\/regun.lagotto\/\" \/>\n<meta property=\"article:modified_time\" content=\"2025-04-21T17:40:34+00:00\" \/>\n<meta name=\"twitter:card\" content=\"summary_large_image\" \/>\n<meta name=\"twitter:site\" content=\"@LauraTanos1\" \/>\n<meta name=\"twitter:label1\" content=\"Tempo di lettura stimato\" \/>\n\t<meta name=\"twitter:data1\" content=\"3 minuti\" \/>\n<script type=\"application\/ld+json\" class=\"yoast-schema-graph\">{\"@context\":\"https:\\\/\\\/schema.org\",\"@graph\":[{\"@type\":\"WebPage\",\"@id\":\"https:\\\/\\\/regunlagotto.net\\\/?page_id=4810\",\"url\":\"https:\\\/\\\/regunlagotto.net\\\/?page_id=4810\",\"name\":\"Salute, test genetici - REGUN - Lagotto romagnolo\",\"isPartOf\":{\"@id\":\"https:\\\/\\\/regunlagotto.net\\\/#website\"},\"datePublished\":\"2024-03-13T19:53:39+00:00\",\"dateModified\":\"2025-04-21T17:40:34+00:00\",\"breadcrumb\":{\"@id\":\"https:\\\/\\\/regunlagotto.net\\\/?page_id=4810#breadcrumb\"},\"inLanguage\":\"it-IT\",\"potentialAction\":[{\"@type\":\"ReadAction\",\"target\":[\"https:\\\/\\\/regunlagotto.net\\\/?page_id=4810\"]}]},{\"@type\":\"BreadcrumbList\",\"@id\":\"https:\\\/\\\/regunlagotto.net\\\/?page_id=4810#breadcrumb\",\"itemListElement\":[{\"@type\":\"ListItem\",\"position\":1,\"name\":\"Home\",\"item\":\"https:\\\/\\\/regunlagotto.net\\\/\"},{\"@type\":\"ListItem\",\"position\":2,\"name\":\"Salute, test genetici\"}]},{\"@type\":\"WebSite\",\"@id\":\"https:\\\/\\\/regunlagotto.net\\\/#website\",\"url\":\"https:\\\/\\\/regunlagotto.net\\\/\",\"name\":\"REGUN - Lagotto romagnolo\",\"description\":\"\",\"publisher\":{\"@id\":\"https:\\\/\\\/regunlagotto.net\\\/#organization\"},\"potentialAction\":[{\"@type\":\"SearchAction\",\"target\":{\"@type\":\"EntryPoint\",\"urlTemplate\":\"https:\\\/\\\/regunlagotto.net\\\/?s={search_term_string}\"},\"query-input\":{\"@type\":\"PropertyValueSpecification\",\"valueRequired\":true,\"valueName\":\"search_term_string\"}}],\"inLanguage\":\"it-IT\"},{\"@type\":\"Organization\",\"@id\":\"https:\\\/\\\/regunlagotto.net\\\/#organization\",\"name\":\"REGUN - Lagotto romagnolo\",\"url\":\"https:\\\/\\\/regunlagotto.net\\\/\",\"logo\":{\"@type\":\"ImageObject\",\"inLanguage\":\"it-IT\",\"@id\":\"https:\\\/\\\/regunlagotto.net\\\/#\\\/schema\\\/logo\\\/image\\\/\",\"url\":\"https:\\\/\\\/regunlagotto.net\\\/wp-content\\\/uploads\\\/2024\\\/01\\\/logo-regun-uj.jpg\",\"contentUrl\":\"https:\\\/\\\/regunlagotto.net\\\/wp-content\\\/uploads\\\/2024\\\/01\\\/logo-regun-uj.jpg\",\"width\":1663,\"height\":400,\"caption\":\"REGUN - Lagotto romagnolo\"},\"image\":{\"@id\":\"https:\\\/\\\/regunlagotto.net\\\/#\\\/schema\\\/logo\\\/image\\\/\"},\"sameAs\":[\"https:\\\/\\\/www.facebook.com\\\/regun.lagotto\\\/\",\"https:\\\/\\\/x.com\\\/LauraTanos1\",\"https:\\\/\\\/www.instagram.com\\\/lagotto_regun_kennel\\\/\",\"https:\\\/\\\/www.linkedin.com\\\/in\\\/laura-tanos-957231179\\\/\"]}]}<\/script>\n<!-- \/ Yoast SEO plugin. -->","yoast_head_json":{"title":"Salute, test genetici - REGUN - Lagotto romagnolo","robots":{"index":"index","follow":"follow","max-snippet":"max-snippet:-1","max-image-preview":"max-image-preview:large","max-video-preview":"max-video-preview:-1"},"canonical":"https:\/\/regunlagotto.net\/?page_id=4810","og_locale":"it_IT","og_type":"article","og_title":"Salute, test genetici - REGUN - Lagotto romagnolo","og_description":"9Articoli citati dal sito del Club Italiano Lagotto: da QUI Epilessia Giovanile Benigna del Lagotto Romagnolo (BFJE o semplicemente JE) L\u2019epilessia benigna giovanile \u00e8 una malattia ereditaria neurologica del lagotto romagnolo che si manifesta nei cuccioli affetti a partire dalle &hellip; Continua a leggere &rarr;","og_url":"https:\/\/regunlagotto.net\/?page_id=4810","og_site_name":"REGUN - Lagotto romagnolo","article_publisher":"https:\/\/www.facebook.com\/regun.lagotto\/","article_modified_time":"2025-04-21T17:40:34+00:00","twitter_card":"summary_large_image","twitter_site":"@LauraTanos1","twitter_misc":{"Tempo di lettura stimato":"3 minuti"},"schema":{"@context":"https:\/\/schema.org","@graph":[{"@type":"WebPage","@id":"https:\/\/regunlagotto.net\/?page_id=4810","url":"https:\/\/regunlagotto.net\/?page_id=4810","name":"Salute, test genetici - REGUN - Lagotto romagnolo","isPartOf":{"@id":"https:\/\/regunlagotto.net\/#website"},"datePublished":"2024-03-13T19:53:39+00:00","dateModified":"2025-04-21T17:40:34+00:00","breadcrumb":{"@id":"https:\/\/regunlagotto.net\/?page_id=4810#breadcrumb"},"inLanguage":"it-IT","potentialAction":[{"@type":"ReadAction","target":["https:\/\/regunlagotto.net\/?page_id=4810"]}]},{"@type":"BreadcrumbList","@id":"https:\/\/regunlagotto.net\/?page_id=4810#breadcrumb","itemListElement":[{"@type":"ListItem","position":1,"name":"Home","item":"https:\/\/regunlagotto.net\/"},{"@type":"ListItem","position":2,"name":"Salute, test genetici"}]},{"@type":"WebSite","@id":"https:\/\/regunlagotto.net\/#website","url":"https:\/\/regunlagotto.net\/","name":"REGUN - Lagotto romagnolo","description":"","publisher":{"@id":"https:\/\/regunlagotto.net\/#organization"},"potentialAction":[{"@type":"SearchAction","target":{"@type":"EntryPoint","urlTemplate":"https:\/\/regunlagotto.net\/?s={search_term_string}"},"query-input":{"@type":"PropertyValueSpecification","valueRequired":true,"valueName":"search_term_string"}}],"inLanguage":"it-IT"},{"@type":"Organization","@id":"https:\/\/regunlagotto.net\/#organization","name":"REGUN - Lagotto romagnolo","url":"https:\/\/regunlagotto.net\/","logo":{"@type":"ImageObject","inLanguage":"it-IT","@id":"https:\/\/regunlagotto.net\/#\/schema\/logo\/image\/","url":"https:\/\/regunlagotto.net\/wp-content\/uploads\/2024\/01\/logo-regun-uj.jpg","contentUrl":"https:\/\/regunlagotto.net\/wp-content\/uploads\/2024\/01\/logo-regun-uj.jpg","width":1663,"height":400,"caption":"REGUN - Lagotto romagnolo"},"image":{"@id":"https:\/\/regunlagotto.net\/#\/schema\/logo\/image\/"},"sameAs":["https:\/\/www.facebook.com\/regun.lagotto\/","https:\/\/x.com\/LauraTanos1","https:\/\/www.instagram.com\/lagotto_regun_kennel\/","https:\/\/www.linkedin.com\/in\/laura-tanos-957231179\/"]}]}},"_links":{"self":[{"href":"https:\/\/regunlagotto.net\/index.php?rest_route=\/wp\/v2\/pages\/4810","targetHints":{"allow":["GET"]}}],"collection":[{"href":"https:\/\/regunlagotto.net\/index.php?rest_route=\/wp\/v2\/pages"}],"about":[{"href":"https:\/\/regunlagotto.net\/index.php?rest_route=\/wp\/v2\/types\/page"}],"author":[{"embeddable":true,"href":"https:\/\/regunlagotto.net\/index.php?rest_route=\/wp\/v2\/users\/2"}],"replies":[{"embeddable":true,"href":"https:\/\/regunlagotto.net\/index.php?rest_route=%2Fwp%2Fv2%2Fcomments&post=4810"}],"version-history":[{"count":18,"href":"https:\/\/regunlagotto.net\/index.php?rest_route=\/wp\/v2\/pages\/4810\/revisions"}],"predecessor-version":[{"id":5805,"href":"https:\/\/regunlagotto.net\/index.php?rest_route=\/wp\/v2\/pages\/4810\/revisions\/5805"}],"wp:attachment":[{"href":"https:\/\/regunlagotto.net\/index.php?rest_route=%2Fwp%2Fv2%2Fmedia&parent=4810"}],"curies":[{"name":"wp","href":"https:\/\/api.w.org\/{rel}","templated":true}]}}